0*l + 17*l**2 - 7*l - 19 + 969*l**3. What is the remainder when 2/13 + (-6555)/(-65) is divided by y(15)?
23
Let m be (-6)/14 + 6 + (-8)/14. Suppose 5*x - 38 = g, -x = -m*g + 11 - 33. What is the remainder when 33 is divided by x?
5
Let l(f) = 210*f**2 + 10 - 121*f**2 + f**3 - 102*f**2. Suppose 118 = -41*o + 43*o. Calculate the remainder when o is divided by l(13).
9
Suppose -5*b = 2*n - 22, -2*n - 2*b = -6 - 22. Suppose -4*s - 4*v = -172, -4*s = -2*v - 204 + 14. Calculate the remainder when s is divided by n.
14
Suppose 216*n - 2007 = -7*n. What is the remainder when 1114 is divided by n?
7
Suppose 2*q + 290 = 6*m - 4*m, 4*q - 548 = -4*m. Suppose 18*d - m = 219. Suppose 0 = -2*f - 35 + 113. What is the remainder when f is divided by d?
19
Let c = 56 + -6. Let l be (-9 - -69)/10 + -1397. Let z = l - -1411. Calculate the remainder when c is divided by z.
10
Let y = -2509 - -2517. Calculate the remainder when 4511 is divided by y.
7
Suppose 5*i - 172 = 18. Let p(r) = 33*r + 208. Let d be p(-7). Let s = d + i. What is the remainder when 23 is divided by s?
8
Suppose 3*j - 37 = 26. Suppose 4*x - 39 - j = 0. What is the remainder when 1 + -2 + (-2 - (-30 + 3)) is divided by x?
9
Suppose 4*i - 1571 - 1085 = 0. Suppose 14*s + 825 = 5*m + 9*s, 4*m - 5*s - i = 0. What is the remainder when m is divided by 82?
79
Suppose 2*f - 28 = -5*w, 21 + 7 = 2*f - 2*w. What is the remainder when 10609 is divided by f?
11
Let v(o) = o**2 + 4*o + 12. Let a(z) = 26*z**2 + 2 - z - 28*z**2 + z**3 + 0. Let t be a(1). Calculate the remainder when 45 is divided by v(t).
9
Let g(n) be the third derivative of -n**4/8 + n**3/3 + n**2 + 17*n. Calculate the remainder when 99 is divided by g(-6).
19
Suppose -30*l + 52 + 218 = 0. Let n(v) = 69 - v**2 + 3*v + 2*v - 67. What is the remainder when l is divided by n(4)?
3
Suppose 32*u + 170 = 438 + 660. What is the remainder when 16152 is divided by u?
28
Suppose -9*x - 10 = -10*x. Suppose 0 = 14*u - 24*u + 420. Calculate the remainder when 54/x*(17 + -2) is divided by u.
39
Let j = -401 + 544. Suppose k + 63 = 4*k. Calculate the remainder when j is divided by k.
17
Let f = 182 + -185. Calculate the remainder when 58 is divided by (6 + -7)/(((-3)/(-31))/f).
27
Suppose 0 = 3*v + 1531*w - 1534*w - 36, v - 2*w - 14 = 0. Calculate the remainder when 1*17*1/1 is divided by v.
7
Let d = -190 - -267. Let u = d + -54. Let o = u + 41. Calculate the remainder when o is divided by 22.
20
Suppose y - 80 = -3*w, 5*w + 9*y - 8*y = 132. Calculate the remainder when 4962 is divided by w.
22
Let g(m) = 212*m - 156. What is the remainder when 121 is divided by g(1)?
9
Suppose -2*u - 73 = -5*h - 3*u, h + 9*u - 85 = 0. Calculate the remainder when 619 is divided by h.
8
Let i = 543 - 470. Suppose 16*l - 151 = i. What is the remainder when 22 is divided by l?
8
What is the remainder when 344 is divided by 13 - (42/38 - 70/665)?
8
Let p(z) = -z**3 + 5*z**2 + 2*z - 5. Let i be p(5). Suppose -y + 188 = -i*y. Let j = y - -57. What is the remainder when 35 is divided by j?
5
Suppose -1005 = -3*d + 5*c - 526, 0 = -5*d + c + 813. What is the remainder when d is divided by 45?
28
Let q(k) = 79*k**2 - 12*k - 45. Let p be q(-3). Let o = 719 - p. Calculate the remainder when 166 is divided by o.
13
Suppose -153*r - 90*r = -16524. What is the remainder when r is divided by (-4)/(-14) + 776/28?
12
Suppose -99*l + 51666 = 10*l. What is the remainder when l is divided by 462?
12
Suppose 16 = -6*h + 142. Suppose -3*k = 33 - h. Let z = k + 22. Calculate the remainder when 107 is divided by z.
17
Let u(n) = -n**3 + 2*n**2 - 3*n - 3. What is the remainder when u(-3) is divided by 24 + 1/(-4 - (-36)/8)?
25
Suppose -415*v + 20*v = -1269135. Calculate the remainder when v is divided by 48.
45
What is the remainder when 3106 is divided by (1/(-6)*-2)/((-2217)/(-26604))?
2
Let t(g) = 5*g**2 + 36*g - 106. Let v be ((-8)/10)/(8/(-20)). Suppose 7*c - v*c = 835. Calculate the remainder when c is divided by t(-10).
31
Suppose 5*y + 10 = 35. Suppose 0 = 14*g - y*g - 45. Suppose 19 - 4 = g*k, -2*k - 48 = -2*u. What is the remainder when u is divided by 6?
3
Let x = 5604 + -5501. Calculate the remainder when 180 is divided by x.
77
Let x(a) = -2*a**3 - 45*a**2 - 134*a + 6. Calculate the remainder when 215 is divided by x(-3).
44
Suppose -7*o + 48 = o - 0*o. Calculate the remainder when 89 is divided by o.
5
Suppose -162*s = -222*s + 55080. Calculate the remainder when s is divided by 42.
36
Let s(z) = -66*z + 1496. What is the remainder when s(2) is divided by 6?
2
Let u(z) = 21*z**2 + 107. Let n = 154 + -101. Let c = -26 + n. Calculate the remainder when u(0) is divided by c.
26
Let k = -1483 - -1531. What is the remainder when 509 is divided by k?
29
What is the remainder when 1*(-2 - 9) + 428 is divided by 68?
9
Suppose w - 16 = 3*s, -48 = -w - w - 2*s. Let y(k) = 17*k + 353. Calculate the remainder when y(-8) is divided by w.
19
Let q(s) = -24*s + 148. Let d(c) = 5*c**3 + c**2 - 8*c + 2. What is the remainder when d(2) is divided by q(6)?
2
Let a(p) = p**3 - 12*p**2 + 9*p + 15. Let s be a(11). Let r(h) = h**3 + 6*h**2 - 6*h + 11. What is the remainder when 37 is divided by r(s)?
1
Let o(u) = 17*u**2 - 5*u + 4. Let n be o(2). Let f be (-1 - -2)*7*-7. Let a = f + n. What is the remainder when 23 is divided by a?
10
Let f(l) = 3*l**2 - 339*l + 1122. What is the remainder when f(112) is divided by 111?
9
Suppose -78 = 4*n - 206. Let v = 824 - 748. What is the remainder when v is divided by n?
12
Let b = -718 - -567. Let z = 166 + b. Calculate the remainder when z is divided by 2.
1
Let o(l) = l**2 - l - 2. Let n be o(-1). Suppose 3*s + 2*k = -s + 62, 4*k - 12 = n. What is the remainder when (-1397)/(-77) + (-2)/s is divided by 11?
7
Suppose -12*a - 290 + 1634 = 0. Calculate the remainder when 1343 is divided by a.
111
Suppose -28 = 24*v - 25*v - 4*o, v + 2*o - 28 = 0. Calculate the remainder when 2125 is divided by v.
25
Suppose -1 = 3*h - 28. Suppose -h*f - 10 = -4*f. Let v = 40 + f. What is the remainder when 263 is divided by v?
35
Let j(s) = 8*s**2 - 23*s + 130. Let q be j(8). Suppose -q = 16*x - 1642. What is the remainder when x is divided by 5?
4
Let g = 108 + -106. Let c(m) = -2*m**3 + 2*m**2 + 3*m - 5. Let w be c(2). What is the remainder when 3/(-6)*(w + -3) is divided by g?
1
Suppose 2901*j + 14952 = 2985*j. Calculate the remainder when j is divided by 27.
16
Let m = 7 + 9. Suppose 288 = -x + 2*s, 9*x = 7*x + 5*s - 574. Let h = -233 - x. What is the remainder when h is divided by m?
11
Calculate the remainder when 1*(65967/121 - -6) - 2/11 is divided by 136.
7
Let p be 7/(21/(-6))*4. Let d = p - -6. What is the remainder when 20 is divided by -5 - -5 - (-6 + d)?
4
Let y(a) = a**3 + 15*a**2 - 2*a + 5. Let j be 1/(-3) + 516/9. Suppose 3*l + 6 = 3*i + j, -i - 3*l = 9. Calculate the remainder when y(i) is divided by 12.
11
Let x be 1*6*(-3 + 42/9). Suppose -5*p + x*p = 60. Suppose 104 - p = 2*v. Calculate the remainder when v is divided by 12.
10
Let g = -82 + 168. Let a = 51 + g. What is the remainder when a is divided by (-3)/(9/14)*(-120)/16?
32
Suppose 2*m - 48 = -4*a, 0 = -5*m + 115*a - 120*a + 125. Calculate the remainder when 596 is divided by m.
24
Suppose -3*k - i + 256 = 0, 0 = 3*k + 5*i - 344 + 72. Suppose 22*x - 34*x = -k. Calculate the remainder when 61 is divided by x.
5
Let g = -450 + 425. What is the remainder when (-290)/g*(-10)/(-4) is divided by 10?
9
What is the remainder when 619 is divided by 40 - (1 - (-7 - (-15 + 8)))?
34
Let x(w) = -3*w**2 - 23*w + 210. What is the remainder when x(0) is divided by 87?
36
Suppose 221*f = 39*f + 54236. What is the remainder when 1499 is divided by f?
9
Let g = -39 - -93. Let l(o) = -2*o + 55. What is the remainder when g is divided by l(18)?
16
Suppose 67 = 2*x - 3*q, q = 6*x - 3*x - 118. Let d(l) = 15*l**3 - 2*l**2 + l + 2. What is the remainder when x is divided by d(1)?
9
Suppose 2 = -11*r - 31. Let y = r + 11. What is the remainder when 31 is divided by y?
7
Let d(i) = i**2 + 4*i - 1. Let a be (6/4)/((-22)/(-22132)). Let w = 1684 - a. What is the remainder when w is divided by d(5)?
43
Suppose 0 = u - 54 - 33. Let w = -27 + u. Calculate the remainder when w is divided by 23.
14
Calculate the remainder when 997 is